{"id":579,"date":"2020-04-15T16:53:47","date_gmt":"2020-04-15T14:53:47","guid":{"rendered":"http:\/\/hoferhof.bz.it\/?page_id=579"},"modified":"2025-01-07T16:18:37","modified_gmt":"2025-01-07T15:18:37","slug":"informazione-legale","status":"publish","type":"page","link":"https:\/\/joomla.phoenix-design.biz\/index.php\/it\/informazione-legale\/","title":{"rendered":"Informazione legale"},"content":{"rendered":"\n<p><strong>Copyright<\/strong><\/p>\n\n\n\n<p>Tutti i contenuti, fotografie, illustrazioni ed elementi grafici di questo sito, se non altrimenti indicato, coperti dal diritto di autore. Senza espresso consenso non possono essere utilizzati.<\/p>\n\n\n\n<p><strong>Titolare del trattamento dei dati<\/strong><br>A seguito della consultazione di questo sito possono essere trattati dati relativi a persone identificate o identificabili: titolare del loro trattamento \u00e8 Schwienbacher Stefan KG, ditta individuale, con sede a Tscherms (BZ), Via Lebenberg, 20.<\/p>\n\n\n\n<p>I dati personali forniti dagli utenti a mezzo email sono peraltro utilizzati al solo fine di eseguire il servizio o la prestazione richiesta, nello specifico per rilevamenti statistici e commerciali, e espletamento di archiviazione dati commerciali.<\/p>\n\n\n\n<p>Esclusione della responsabilit\u00e0: Informativa Ai sensi dell\u2019art. 13 del D. Lgs. Nr. 196 del 30.06.2003 \u201cCodice della Privacy\u201d Con la presente siamo ad informarLa, ai sensi del decreto legislativo 196\/2003 recante disposizioni a tutela delle persone e di altri soggetti rispetto al trattamento dei dati personali, che per l\u2019instaurazione e l\u2019esecuzione dei rapporti contrattuali con Voi siamo in possesso di dati personali, aziendali o fiscali sulla Vs. persone\/azienda che potranno formare oggetto di trattamento, nel rispetto della richiamata normativa e degli obblighi di riservatezza cui si ispira la nostra attivit\u00e0. I dati vengono da noi raccolti con la esclusiva finalit\u00e0 di adempiere agli obblighi connessi ai nostri rapporti contrattuali nonch\u00e9 quelli previsti dai leggi, regolamenti o normative comunitarie. La raccolta ed il tratta mento di dati sono effettuati soprattutto per seguenti scopi:<\/p>\n\n\n\n<p>\u2022 per le attivit\u00e0 aziendali;<br>\u2022 per scopi statistici e commerciali;<br>\u2022 per la tenuta della contabilit\u00e0 clienti-fornitori;<br>\u2022 per ottemperare in generale agli obblighi di legge.<\/p>\n\n\n\n<p>Il trattamento dei dati avviene mediante l\u2018utilizzo di strumenti e proce dure idone a garantirne sicurezza e riservatezza e potr\u00e0 essere effet tuato sia mediante supporti cartacei, sia attraverso l\u2018ausilio di mezzi informatici automatizzati, atti a memorizzare, gestire e trasmettere i dati stessi.<br>In relazione alle finalit\u00e0 del trattamento i Suoi dati personali verranno comunicati, se necessario, ai seguenti terzi e categorie di terzi:<\/p>\n\n\n\n<p>\u2022 a istituti di credito, finanziari e di leasing;<br>\u2022 a professionisti e consulenti esterni.<\/p>\n\n\n\n<p>Il conferimento dei dati personali e\/o sensibili non \u00e8 obbligatorio. Un eventuale rifiuto a fornire tali dati potrebbe per\u00f2 comportare alla mancata o parziale esecuzione del rapporto contrattuale e delle attivit\u00e0 ad esso connesse.<\/p>\n\n\n\n<p>Le informiamo che in relazione ai predetti trattamenti, potranno essere esercitati i diritti di cui all\u2019 art. 7 del decreto legislativo 196\/2003. L\u2018interessato ha diritto di conoscere, in ogni momento, quali sono i Suoi dati e come vengono utilizzati; ha inoltre il diritto di farli aggiornare, integrare, rettificare o cancellare, di chiederne il blocco e di opporsi al loro trattamento.<\/p>\n\n\n\n<p><strong>Luogo&nbsp;trattamento dei dati&nbsp;<\/strong><br>I trattamenti connessi ai servizi web di questo sito hanno luogo presso la sede della scrivente societ\u00e0 ed essi sono curati solo da personale autorizzato o da soggetti eventualmente incaricati di occasionali operazioni di manutenzione.<\/p>\n\n\n\n<p><strong>Responsabile per il contenuto<\/strong><\/p>\n\n\n\n<p>Schwienbacher Stefan KG titolare\u00a0 Stefan Schwienbacher<br>Via Lebenberg 20<br>I-39010 Tscherms (BZ)<br>hoferstief@hotmail.de<\/p>\n\n\n\n<p>Tutti i diritti sono riservati<br>\u00a9 2020<\/p>\n","protected":false},"excerpt":{"rendered":"<p>Copyright Tutti i contenuti, fotografie, illustrazioni ed elementi grafici di questo sito, se non altrimenti indicato, coperti dal diritto di autore. Senza espresso consenso non possono essere utilizzati. Titolare del trattamento dei datiA seguito della consultazione di questo sito possono essere trattati dati relativi a persone identificate o identificabili: titolare del loro trattamento \u00e8 Schwienbacher &hellip; <a href=\"https:\/\/joomla.phoenix-design.biz\/index.php\/it\/informazione-legale\/\" class=\"more-link\"><span class=\"screen-reader-text\">Informazione legale<\/span> weiterlesen <span class=\"meta-nav\">&rarr;<\/span><\/a><\/p>\n","protected":false},"author":1,"featured_media":0,"parent":0,"menu_order":0,"comment_status":"closed","ping_status":"closed","template":"","meta":{"footnotes":""},"class_list":["post-579","page","type-page","status-publish","hentry"],"_links":{"self":[{"href":"https:\/\/joomla.phoenix-design.biz\/index.php\/wp-json\/wp\/v2\/pages\/579","targetHints":{"allow":["GET"]}}],"collection":[{"href":"https:\/\/joomla.phoenix-design.biz\/index.php\/wp-json\/wp\/v2\/pages"}],"about":[{"href":"https:\/\/joomla.phoenix-design.biz\/index.php\/wp-json\/wp\/v2\/types\/page"}],"author":[{"embeddable":true,"href":"https:\/\/joomla.phoenix-design.biz\/index.php\/wp-json\/wp\/v2\/users\/1"}],"replies":[{"embeddable":true,"href":"https:\/\/joomla.phoenix-design.biz\/index.php\/wp-json\/wp\/v2\/comments?post=579"}],"version-history":[{"count":2,"href":"https:\/\/joomla.phoenix-design.biz\/index.php\/wp-json\/wp\/v2\/pages\/579\/revisions"}],"predecessor-version":[{"id":598,"href":"https:\/\/joomla.phoenix-design.biz\/index.php\/wp-json\/wp\/v2\/pages\/579\/revisions\/598"}],"wp:attachment":[{"href":"https:\/\/joomla.phoenix-design.biz\/index.php\/wp-json\/wp\/v2\/media?parent=579"}],"curies":[{"name":"wp","href":"https:\/\/api.w.org\/{rel}","templated":true}]}}