{"id":384,"date":"2019-04-26T18:22:30","date_gmt":"2019-04-26T16:22:30","guid":{"rendered":"http:\/\/hoferhof.bz.it\/?page_id=384"},"modified":"2020-06-16T19:38:21","modified_gmt":"2020-06-16T17:38:21","slug":"ueber-uns","status":"publish","type":"page","link":"https:\/\/joomla.phoenix-design.biz\/index.php\/ueber-uns\/","title":{"rendered":"Wir stellen uns vor"},"content":{"rendered":"\n<p class=\"has-text-align-center has-large-font-size\">Wir stellen uns vor<\/p>\n\n\n\n<figure class=\"wp-block-image size-medium is-style-rounded\"><img loading=\"lazy\" decoding=\"async\" width=\"300\" height=\"300\" src=\"https:\/\/joomla.phoenix-design.biz\/wp-content\/uploads\/IMG_0429-300x300.jpg\" alt=\"\" class=\"wp-image-853\" srcset=\"https:\/\/joomla.phoenix-design.biz\/wp-content\/uploads\/IMG_0429-300x300.jpg 300w, https:\/\/joomla.phoenix-design.biz\/wp-content\/uploads\/IMG_0429-1024x1024.jpg 1024w, https:\/\/joomla.phoenix-design.biz\/wp-content\/uploads\/IMG_0429-150x150.jpg 150w, https:\/\/joomla.phoenix-design.biz\/wp-content\/uploads\/IMG_0429-768x768.jpg 768w, https:\/\/joomla.phoenix-design.biz\/wp-content\/uploads\/IMG_0429-1536x1536.jpg 1536w, https:\/\/joomla.phoenix-design.biz\/wp-content\/uploads\/IMG_0429-2048x2048.jpg 2048w\" sizes=\"auto, (max-width: 300px) 100vw, 300px\" \/><figcaption><br><\/figcaption><\/figure>\n\n\n\n<p>Stefan, der Juniorchef  des Hauses                                                                                                                                                                                                                                                    <\/p>\n\n\n\n<p>Er leitet den Service im Betrieb und versucht alle G\u00e4ste bei guter Laune zu halten. Des \u00f6fteren wenn es die Zeit zul\u00e4sst, l\u00e4sst er es musikalisch auch mal krachen.  Aber ebenso f\u00fchrt er mit viel Flei\u00df den landwirtschaftlichen Betrieb am Hoferhof damit alles gut w\u00e4chst und gedeiht. <\/p>\n\n\n\n<p>                 <\/p>\n\n\n\n<figure class=\"wp-block-image size-medium is-style-rounded\"><img loading=\"lazy\" decoding=\"async\" width=\"300\" height=\"300\" src=\"https:\/\/joomla.phoenix-design.biz\/wp-content\/uploads\/IMG_0465-300x300.jpg\" alt=\"\" class=\"wp-image-854\" srcset=\"https:\/\/joomla.phoenix-design.biz\/wp-content\/uploads\/IMG_0465-300x300.jpg 300w, https:\/\/joomla.phoenix-design.biz\/wp-content\/uploads\/IMG_0465-1024x1024.jpg 1024w, https:\/\/joomla.phoenix-design.biz\/wp-content\/uploads\/IMG_0465-150x150.jpg 150w, https:\/\/joomla.phoenix-design.biz\/wp-content\/uploads\/IMG_0465-768x768.jpg 768w, https:\/\/joomla.phoenix-design.biz\/wp-content\/uploads\/IMG_0465-1536x1536.jpg 1536w, https:\/\/joomla.phoenix-design.biz\/wp-content\/uploads\/IMG_0465-2048x2048.jpg 2048w\" sizes=\"auto, (max-width: 300px) 100vw, 300px\" \/><\/figure>\n\n\n\n<p>Steffi, die Juniorchefin des Hauses<\/p>\n\n\n\n<p>Sie bringt viel Schwung ins Haus. Mit vielen neuen und innovativen Ideen, peppt sie den Laden ordentlich auf. Sie leitet den Betrieb mit viel Geschick und Organisation. Sie ist im Betrieb \u00fcberall und vielseitig einsetzbar. <\/p>\n\n\n\n<figure class=\"wp-block-image size-medium is-style-rounded\"><img loading=\"lazy\" decoding=\"async\" width=\"300\" height=\"300\" src=\"https:\/\/joomla.phoenix-design.biz\/wp-content\/uploads\/IMG_0421-300x300.jpg\" alt=\"\" class=\"wp-image-855\" srcset=\"https:\/\/joomla.phoenix-design.biz\/wp-content\/uploads\/IMG_0421-300x300.jpg 300w, https:\/\/joomla.phoenix-design.biz\/wp-content\/uploads\/IMG_0421-1024x1024.jpg 1024w, https:\/\/joomla.phoenix-design.biz\/wp-content\/uploads\/IMG_0421-150x150.jpg 150w, https:\/\/joomla.phoenix-design.biz\/wp-content\/uploads\/IMG_0421-768x768.jpg 768w, https:\/\/joomla.phoenix-design.biz\/wp-content\/uploads\/IMG_0421-1536x1536.jpg 1536w, https:\/\/joomla.phoenix-design.biz\/wp-content\/uploads\/IMG_0421-2048x2048.jpg 2048w\" sizes=\"auto, (max-width: 300px) 100vw, 300px\" \/><\/figure>\n\n\n\n<p>Sepp, der Seniorchef des Hauses<\/p>\n\n\n\n<p>Mit viel handwerklichen Geschick und seiner Passion f\u00fcr die Landwirtschaft geht er in Haus und Hof noch kr\u00e4ftig zur Hand. Ebenso ist er immer f\u00fcr einen lockeren Spruch zu haben. <\/p>\n\n\n\n<figure class=\"wp-block-image size-medium is-resized is-style-rounded\"><img decoding=\"async\" src=\"https:\/\/joomla.phoenix-design.biz\/wp-content\/uploads\/IMG_0442-300x300.jpg\" alt=\"\" class=\"wp-image-856\" width=\"300\" srcset=\"https:\/\/joomla.phoenix-design.biz\/wp-content\/uploads\/IMG_0442-300x300.jpg 300w, https:\/\/joomla.phoenix-design.biz\/wp-content\/uploads\/IMG_0442-1024x1024.jpg 1024w, https:\/\/joomla.phoenix-design.biz\/wp-content\/uploads\/IMG_0442-150x150.jpg 150w, https:\/\/joomla.phoenix-design.biz\/wp-content\/uploads\/IMG_0442-768x768.jpg 768w, https:\/\/joomla.phoenix-design.biz\/wp-content\/uploads\/IMG_0442-1536x1536.jpg 1536w, https:\/\/joomla.phoenix-design.biz\/wp-content\/uploads\/IMG_0442-2048x2048.jpg 2048w\" sizes=\"(max-width: 300px) 100vw, 300px\" \/><\/figure>\n\n\n\n<p>Luise, die Seniorchefin des Hauses<\/p>\n\n\n\n<p>Die gute Seele des Hauses. K\u00fcmmert sich mit viel Liebe und Engagement um den Garten und die sch\u00f6nen Blumen, welche den Hoferhof versch\u00f6nern. Auch packt sie im Gastbetrieb noch mit an, wo es n\u00f6tig ist.<\/p>\n","protected":false},"excerpt":{"rendered":"<p>Wir stellen uns vor Stefan, der Juniorchef des Hauses Er leitet den Service im Betrieb und versucht alle G\u00e4ste bei guter Laune zu halten. Des \u00f6fteren wenn es die Zeit zul\u00e4sst, l\u00e4sst er es musikalisch auch mal krachen. Aber ebenso f\u00fchrt er mit viel Flei\u00df den landwirtschaftlichen Betrieb am Hoferhof damit alles gut w\u00e4chst und &hellip; <a href=\"https:\/\/joomla.phoenix-design.biz\/index.php\/ueber-uns\/\" class=\"more-link\"><span class=\"screen-reader-text\">Wir stellen uns vor<\/span> weiterlesen <span class=\"meta-nav\">&rarr;<\/span><\/a><\/p>\n","protected":false},"author":1,"featured_media":0,"parent":0,"menu_order":0,"comment_status":"closed","ping_status":"closed","template":"","meta":{"footnotes":""},"class_list":["post-384","page","type-page","status-publish","hentry"],"_links":{"self":[{"href":"https:\/\/joomla.phoenix-design.biz\/index.php\/wp-json\/wp\/v2\/pages\/384","targetHints":{"allow":["GET"]}}],"collection":[{"href":"https:\/\/joomla.phoenix-design.biz\/index.php\/wp-json\/wp\/v2\/pages"}],"about":[{"href":"https:\/\/joomla.phoenix-design.biz\/index.php\/wp-json\/wp\/v2\/types\/page"}],"author":[{"embeddable":true,"href":"https:\/\/joomla.phoenix-design.biz\/index.php\/wp-json\/wp\/v2\/users\/1"}],"replies":[{"embeddable":true,"href":"https:\/\/joomla.phoenix-design.biz\/index.php\/wp-json\/wp\/v2\/comments?post=384"}],"version-history":[{"count":16,"href":"https:\/\/joomla.phoenix-design.biz\/index.php\/wp-json\/wp\/v2\/pages\/384\/revisions"}],"predecessor-version":[{"id":869,"href":"https:\/\/joomla.phoenix-design.biz\/index.php\/wp-json\/wp\/v2\/pages\/384\/revisions\/869"}],"wp:attachment":[{"href":"https:\/\/joomla.phoenix-design.biz\/index.php\/wp-json\/wp\/v2\/media?parent=384"}],"curies":[{"name":"wp","href":"https:\/\/api.w.org\/{rel}","templated":true}]}}